e
Does 4 divide 289776584?
True
Is 13 a factor of 60811997?
False
Does 171 divide 695680497?
True
Is 442 a factor of 925893489?
False
Does 1938 divide 126801402?
True
Is 228178895 a multiple of 2463?
False
Is 919 a factor of 22165361?
True
Is 247 a factor of 25372724?
False
Does 5 divide 37816570?
True
Is 485959544 a multiple of 53?
True
Does 191 divide 118739605?
False
Does 1260 divide 30420180?
True
Is 171 a factor of 465201396?
True
Is 1998510 a multiple of 104?
False
Does 4346 divide 36030287?
False
Is 163215490 a multiple of 6?
False
Is 589589406 a multiple of 523?
True
Does 5011 divide 5842164548?
True
Does 33 divide 80744631?
True
Does 27 divide 65717769?
False
Does 1285 divide 113610705?
True
Does 8 divide 193852379?
False
Is 192920 a multiple of 91?
True
Is 290 a factor of 175988567?
False
Is 259 a factor of 95050241?
False
Is 30499226 a multiple of 31?
True
Is 6 a factor of 36995879?
False
Does 1933 divide 1467771359?
True
Is 17070946 a multiple of 522?
False
Does 1042 divide 8763458?
False
Does 19 divide 10303214?
False
Is 36 a factor of 217328943?
False
Is 31521223 a multiple of 57?
False
Is 6 a factor of 117831087?
False
Is 350 a factor of 849527350?
True
Is 43661571 a multiple of 11?
False
Is 47 a factor of 5292626149?
True
Is 1951404 a multiple of 2?
True
Is 109 a factor of 79903737?
False
Does 22 divide 1344530704?
True
Does 44 divide 722006476?
False
Is 347802250 a multiple of 250?
True
Does 15 divide 2627545860?
True
Does 1887 divide 102001785?
True
Is 12072400 a multiple of 25?
True
Does 2649 divide 65658114?
True
Does 39 divide 23665546?
False
Is 534619968 a multiple of 64?
True
Does 4 divide 401450839?
False
Is 198 a factor of 302785812?
False
Is 144174559 a multiple of 103?
True
Is 18 a factor of 322160784?
False
Does 76 divide 28500146?
False
Is 87 a factor of 47214366?
False
Does 11 divide 99971278?
True
Does 201 divide 242006613?
True
Is 1202854588 a multiple of 652?
True
Is 234482933 a multiple of 19?
True
Is 2363879725 a multiple of 7283?
True
Is 244 a factor of 79609636?
True
Is 1327 a factor of 562611074?
False
Is 361447690 a multiple of 89?
True
Is 149 a factor of 31331274?
False
Does 82 divide 237858259?
False
Does 22 divide 5838409440?
False
Is 118909490 a multiple of 10?
True
Does 8 divide 39373192?
True
Does 343 divide 767087677?
False
Is 21 a factor of 859669356?
True
Is 1721 a factor of 4368395?
False
Is 247 a factor of 199317318?
False
Is 453 a factor of 830173236?
True
Does 168 divide 260014216?
False
Does 74 divide 637262100?
True
Does 46 divide 237843138?
True
Is 3080519 a multiple of 4?
False
Does 35 divide 5197778?
False
Does 250 divide 398420750?
True
Is 276 a factor of 111023599?
False
Does 248 divide 88504703?
False
Does 181 divide 514500102?
True
Is 973333530 a multiple of 1285?
True
Is 44 a factor of 11092283?
False
Is 150109701 a multiple of 47?
False
Is 866482826 a multiple of 321?
False
Is 3815 a factor of 88632156?
False
Is 574676300 a multiple of 48?
False
Is 1137 a factor of 210043695?
True
Is 488788 a multiple of 147?
False
Is 145 a factor of 16353390?
True
Is 43040995 a multiple of 476?
False
Does 23 divide 57688784?
True
Is 50 a factor of 1214463200?
True
Is 1109 a factor of 2716213814?
True
Is 26 a factor of 321978?
False
Is 64594418 a multiple of 581?
True
Does 1496 divide 90519968?
True
Is 31030930 a multiple of 226?
True
Is 84 a factor of 24231480?
True
Is 292 a factor of 48745020?
True
Is 27352053 a multiple of 1651?
False
Is 98872745 a multiple of 29?
True
Is 18881558 a multiple of 362?
True
Is 721 a factor of 111251021?
True
Is 182583367 a multiple of 283?
False
Does 45 divide 46697850?
True
Is 32643780 a multiple of 560?
False
Is 130 a factor of 687626895?
False
Is 1826728570 a multiple of 3840?
False
Is 427 a factor of 190239175?
True
Does 17 divide 1974694822?
False
Does 23 divide 373541942?
True
Does 47 divide 50999511?
False
Does 8 divide 30827121?
False
Is 398584694 a multiple of 31?
False
Does 460 divide 427147720?
True
Is 13 a factor of 43100512?
True
Is 706 a factor of 68428344?
True
Is 209132195 a multiple of 145?
True
Does 17 divide 5583910591?
False
Is 8059835 a multiple of 41?
False
Is 200799800 a multiple of 4?
True
Is 827922168 a multiple of 23?
True
Is 154936259 a multiple of 53?
False
Does 185 divide 1258740?
True
Is 121 a factor of 647724279?
False
Does 43 divide 107598848?
False
Is 68862960 a multiple of 405?
True
Does 28 divide 1824991476?
True
Does 45 divide 23135960?
False
Does 21 divide 1122106?
False
Is 95 a factor of 642346585?
True
Does 1330 divide 25374380?
False
Is 17995616 a multiple of 16?
True
Is 259 a factor of 1375857177?
False
Does 425 divide 20614823?
False
Is 21 a factor of 85990674?
True
Is 281 a factor of 97297517?
False
Is 17284400 a multiple of 200?
True
Is 265197900 a multiple of 660?
True
Does 24 divide 22941672?
True
Does 925 divide 433566925?
True
Does 384 divide 24661632?
True
Is 1241 a factor of 27532826?
True
Is 927069156 a multiple of 1383?
True
Does 519 divide 53327468?
False
Does 127 divide 36919036?
False
Does 253 divide 116206189?
True
Does 11 divide 26052323?
True
Is 17 a factor of 17047197?
False
Is 518 a factor of 27437424?
True
Does 99 divide 717065817?
False
Is 148916984 a multiple of 152?
True
Does 211 divide 65454316?
False
Is 26 a factor of 3645704?
False
Is 38034282 a multiple of 1067?
True
Is 9 a factor of 441422646?
False
Is 1601309184 a multiple of 192?
True
Is 6486592 a multiple of 16?
True
Is 3 a factor of 11317392?
True
Is 957 a factor of 799897675?
False
Is 46 a factor of 111409838?
True
Is 7 a factor of 167763625?
False
Does 9 divide 634735323?
True
Does 331 divide 273186889?
False
Does 1951 divide 18593030?
True
Is 15 a factor of 34107542?
False
Is 202179317 a multiple of 814?
False
Is 610790 a multiple of 16?
False
Does 969 divide 79551993?
True
Is 1618 a factor of 55283824?
True
Is 52 a factor of 3416607863?
False
Is 22057230 a multiple of 195?
True
Does 730 divide 26043480?
True
Does 640 divide 40351529?
False
Is 14 a factor of 65037266?
True
Is 3600 a factor of 16686000?
True
Is 22965179 a multiple of 25?
False
Is 599544221 a multiple of 104?
False
Is 1938 a factor of 269337001?
False
Is 534274101 a multiple of 9?
True
Does 46 divide 191113727?
False
Does 358 divide 8066455?
False
Is 542 a factor of 187030108?
True
Is 89955224 a multiple of 484?
False
Is 665256 a multiple of 2?
True
Is 2274557195 a multiple of 316?
False
Does 106 divide 22785486?
False
Is 18686808 a multiple of 51?
True
Is 7580850 a multiple of 6?
True
Is 768536404 a multiple of 4392?
False
Is 42029535 a multiple of 15?
True
Is 1205 a factor of 352638556?
False
Is 100 a factor of 44491200?
True
Does 619 divide 1817491?
False
Is 19815804 a multiple of 100?
False
Is 2555120 a multiple of 5?
True
Does 90 divide 130762504?
False
Is 51180027 a multiple of 21?
False
Does 317 divide 11494420?
True
Does 1482 divide 29281450?
False
Does 20 divide 12053712?
False
Is 426149148 a multiple of 23?
False
Is 5104 a factor of 7931616?
True
Is 12 a factor of 395006922?
False
Is 1962 a factor of 115023343?
False
Is 195593601 a multiple of 309?
True
Is 52 a factor of 9243572?
True
Is 71302166 a multiple of 1898?
True
Does 16 divide 721730338?
False
Is 777 a factor of 132412455?
True
Does 259 divide 143346811?
False
Is 10047488 a multiple of 704?
True
Does 36 divide 45308552?
False
Is 1516 a factor of 27124272?
True
Is 919294299 a multiple of 2079?
True
Does 423 divide 3982318891?
False
Is 2860661602 a multiple of 43?
True
Does 17 divide 1758531?
True
Is 75506032 a multiple of 39?
False
Does 391 divide 1837250350?
True
Does 5659 divide 110525929?
True
Is 670 a factor of 11321489?
False
Does 28 divide 135578856?
True
Is 119715102 a multiple of 17?
False
Is 22 a factor of 123832698?
True
Is 62209686 a multiple of 114?
True
Does 4 divide 5015596?
True
Does 46 divide 10170824?
False
Is 96617139 a multiple of 16?
False
Is 372403410 a multiple of 178?
False
Is 1338519 a multiple of 194?
False
Is 3 a factor of 77919239?
False
Does 53 divide 669801699?
False
Is 13 a factor of 72772076?
True
Is 40 a factor of 937322760?
True
Is 3859421 a multiple of 259?
False
Is 966756882 a multiple of 14?
True
Does 59 divide 350847674?
False
Is 9248 a factor of 2993956768?
True
Doe